rivative of h**5/60 + h**4/3 + 2*h**3/3 - 2*h**2. What is a(b)?
-11
Suppose -4*l - 2*n - 3*n = 13, n - 7 = -4*l. Let v(j) be the first derivative of 3 + 5*j**2 + l*j**2 + 6*j - 9*j**2. Calculate v(4).
-2
Suppose -3*u + 7 = -2*s - 4, -2*s - 5*u = 19. Let d(k) = -k**2 - 2*k**2 - 8*k + 5 + 2*k**2. Calculate d(s).
12
Let b(u) be the first derivative of -4/3*u**3 + 0*u**2 + 0*u - 1 - 1/24*u**4 - 1/120*u**5. Let r(g) be the third derivative of b(g). Determine r(0).
-1
Let y(o) be the third derivative of o**4/6 - 2*o**3/3 - 45*o**2 + 2. Calculate y(4).
12
Let r(h) = -h - 2. Let y = -366 + 369. Determine r(y).
-5
Let z(g) = -g**2 - 11*g - 24. Let s be z(-5). Let q(y) = -y**3 + 5*y**2 + 9*y - 13. Calculate q(s).
5
Let j = 51 + -52. Let c(z) = -3*z**3 + 16 + z**3 - 6 - 9. Give c(j).
3
Let l be ((-23)/((-2300)/(-60)))/(1/10). Let c(y) = -2*y - 8. What is c(l)?
4
Let u(g) = 8*g - 2. Let j(s) be the first derivative of 3*s**2/2 - 17*s + 21. Let o be j(5). Give u(o).
-18
Let y(d) = -9 + 12*d + 3*d + d**3 + 8*d - 6 + 13*d**2 - 37*d. What is y(-14)?
-15
Let k(y) = -y**3 + 26*y**2 - 24*y - 7. Let t be k(25). Let i(c) = -30 + 3*c**2 + t - 4*c**2 + 18 - c. Calculate i(0).
6
Let j be 1*0/(-2)*1. Let f(b) = -b**3 - b**2 + b - 3. Let d be f(j). Let l(o) = 67*o**3 + 5*o + 71*o**3 + 67*o**3 - 204*o**3 + 3*o**2 - 7*o. Calculate l(d).
6
Let l(t) = -2*t - 6. Let v(r) = 2*r + 5. Let j(c) = 2*l(c) + 3*v(c). Calculate j(-7).
-11
Suppose 3*b = 116 + 28. Let k = -51 + b. Let t(d) = -d - 1. What is t(k)?
2
Let r(w) = -w**3 + 6*w**2 - 2*w - 9. Suppose -23*m + 16*m + 35 = 0. Calculate r(m).
6
Suppose -g = -q - 4*g + 2, -g = 3*q - 6. Let a(m) = -3 + 12*m + m + q. Determine a(-1).
-14
Let p = 18 + -26. Let m be (8/6)/(p/(-18)). Let r(a) = a**3 - 2*a**2 - 2*a + 2. Let i be r(m). Let f(n) = n + 4. What is f(i)?
9
Suppose -15 = 5*t + 2*b, b + 10 = -5*t - 2*b. Let f(w) be the first derivative of 3*w**2/2 - 3*w + 43. Calculate f(t).
-18
Let g(n) = -4*n**2 - n. Let t(p) = 2*p + 4*p + 7 - 5*p. Let h(w) = -9*w**2 - w - 1. Let z be h(-1). Let s be t(z). Calculate g(s).
-14
Let w be (-3)/(-12) + (-1)/4. Suppose 5*m - 3*h - 41 = -4*h, 2*h - 1 = -m. Let r(f) = -m*f**2 + 20*f**2 - f + 12 - 10*f**2. Give r(w).
12
Let w(s) = -s**3 - 4*s**2 + 6*s + 3. Let u(x) = -x**2 - 17*x + 105. Let c be u(-22). What is w(c)?
-2
Let r(m) = 5*m + 28. Suppose 15*q + 42 = -3*o + 12*q, 4*q - 14 = 3*o. Calculate r(o).
-22
Let p(l) = l - 1. Suppose x - 4*x = -81. Suppose 4*u + 20 = 5*h, -3*h - 3*u - x = -12. Suppose -3*k - 2*k - 30 = h. Calculate p(k).
-7
Let z(t) be the first derivative of 2/3*t**3 + 3/8*t**4 - 1/60*t**5 + 0*t - 1 + 0*t**2. Let r(y) be the third derivative of z(y). Give r(6).
-3
Let m(v) = -v**2 + 18*v - 41. Let f be (-4)/(-20) - 12/30*-7. Give m(f).
4
Let a(b) = -17*b - 517. Let p be a(-31). Let d(o) = 3*o - 17. What is d(p)?
13
Let d(k) be the second derivative of -1/6*k**3 + 0 - 17*k - 1/6*k**4 + 0*k**2 + 1/20*k**5. Calculate d(2).
-2
Let l(k) be the second derivative of -k**5/20 - k**4/2 - k**3 + 2*k**2 - 18*k. Let p = -7 - -2. Determine l(p).
9
Let u(z) = z - 7 + 3*z + 3 - 23*z**2 + 24*z**2. Determine u(3).
17
Let i(w) = 437*w**2 - 219*w**2 + 3*w - 220*w**2. Give i(3).
-9
Let i(f) = 7*f - 6. Let n(m) = -12*m + 11. Let j(x) = -7*i(x) - 4*n(x). Let p(q) = -q**3 - 5*q**2 - q + 1. Let g be p(-2). Let o = 12 + g. Give j(o).
-5
Let h(i) = -i - 2. Let f(d) = -2*d - 3. Let o(j) = 4*f(j) - 5*h(j). Let l(x) = -2*x - 3. Let r(t) = -4*l(t) + 3*o(t). What is r(6)?
0
Let l(w) = -2*w - 1. Let a(d) = 5*d + 2. Let b(i) = 6*a(i) + 13*l(i). Determine b(3).
11
Let l(m) = 2*m**3 + m**2 - 3*m - 1. Suppose -7*i + 18*i + 594 = 0. Let y = i + 52. Calculate l(y).
-7
Suppose -12*o + 13*o = 77. Let a = -75 + o. Let y(d) = d + 2. Determine y(a).
4
Let q = 71 + -75. Let n(b) be the third derivative of -b**2 + 0 - 1/15*b**5 + 0*b - 5/6*b**3 - 1/120*b**6 + 0*b**4. Give n(q).
-5
Suppose -57 = -4*a + 79. Let k = a - 34. Let b(n) = n + 17. Determine b(k).
17
Let k(p) = p**3 - 4*p**2 - 4*p - 2. Let j be 2/(-5)*(-3 - 27). Suppose -58 + j = -2*h. Suppose -3*o + 2*z = -h, 14 + 31 = 5*o - 5*z. Determine k(o).
3
Let b be -4*(-1)/(1/1). Let c be (-10 + b - -1) + -2 - -4. Let r(d) = d**2 - d - 4. What is r(c)?
8
Let b be ((-152)/(-12))/(6/9). Suppose 37 + b = 7*m. Let t(c) = -c**2 + 8*c + 3. Determine t(m).
3
Let b(n) = -n**2 + 3*n + 5. Suppose 0 = -4*v - 5*g - 4, -4*g - 4 = 2*v - g. What is b(v)?
1
Let i(k) = -3*k - 17. Let p(c) = -c - 2 - 4 + 2 - 2. Let s(f) = -6*i(f) + 17*p(f). Let m be -1 - 4/(12/(-21)). Give s(m).
6
Let i(x) = x**2 - 2*x**2 - 1 - 5*x**2 + 10*x**2. Let g(h) = -3*h**2 + h. Let v(s) = -5*g(s) - 4*i(s). Determine v(-6).
-2
Let n(r) = r - 7. Let u = 15 + -9. Let q(p) = -p**3 - 24*p**2 - 43*p + 23. Let z be q(-22). Let d be (u - z) + (-1 - -1). Calculate n(d).
-2
Let a be (-4)/6*3*7. Let p(b) = -b**3 - 14*b**2 - b - 20. Let k be p(a). Let v(m) = m**2 + 7*m - 1. Determine v(k).
-7
Let o(t) = 6*t - 79. Let r be o(13). Let h(m) = 6*m**3 - 2*m**2 - m. What is h(r)?
-7
Let x = 32 + -48. Let o be -17 - (5/1)/(-1). Let l = x - o. Let k(j) = j**2 + 6*j + 2. Calculate k(l).
-6
Let z(i) be the third derivative of i**4/24 + i**3/6 - 145*i**2. Determine z(-7).
-6
Let a(f) = -f**3 - f - 2. Suppose -4*l - 1 = -5*o + 2, -3*l + 15 = 2*o. Calculate a(o).
-32
Let x = -11 - -45. Let d(y) = -11*y + 1 - 21*y + x*y. Give d(6).
13
Let p(j) be the first derivative of -j**3/3 - 2*j**2 + 23*j - 12. Let b(r) be the first derivative of p(r). What is b(-5)?
6
Let c(p) = -5*p**2 + 12*p**2 + 4 - 5. Let u = -91 + 90. Give c(u).
6
Let x(c) = c**2 + c - 3. Let g(r) = 7*r - 340. Let n be g(49). Calculate x(n).
9
Let i(r) = -18 + 4 - r - 20*r + 13. Calculate i(-1).
20
Let l(x) = 3*x + 11. Let r(d) = 13*d + 98. Let u be r(-8). Give l(u).
-7
Let b(r) be the first derivative of 9 + 1/4*r**4 - 7/3*r**3 + 2*r + 3*r**2. What is b(6)?
2
Let c(k) = k**2 - 5*k + 1. Let v be c(4). Let n = 2 + v. Let j(m) = 5*m**2 - m. Give j(n).
6
Let t(g) = -g**2 + 7*g + 8. Let f = 247 - 239. Calculate t(f).
0
Let g(m) = 2*m - 11. Let j(d) = d - 7. Let t(b) = 5*g(b) - 8*j(b). Suppose 0*l + 78 = -2*l. Let v be (-4)/6 - l/(-9). What is t(v)?
-9
Let g = 1460 + -1453. Let l(f) = -f**2 + 2*f - 7. Determine l(g).
-42
Let a(f) = -7*f**2 - 4*f + 12. Let h(r) = -8*r**2 - 5*r + 12. Let t(l) = -7*a(l) + 6*h(l). What is t(-3)?
3
Let f(b) = 81*b - 78. Let g be f(1). Let d(i) = -2 + i - 2*i - 3*i. What is d(g)?
-14
Let w(l) = l - 10. Let d(y) = -y + 12. Let f(x) = 4*d(x) + 5*w(x). Suppose -2*c = -5*s - 2, -2*c - 4 = 4. Let n be (s/(-4))/((-2)/(-8)). What is f(n)?
0
Let w(g) = -101*g**2 - 10 + 217*g**2 + g**3 + 6*g - 108*g**2. Suppose 0 = 5*q - 3*r + 20, -7*q = -3*q + 5*r + 53. Determine w(q).
-3
Let w(v) = v**3 + 5*v**2 + 5*v - 3. Let s(h) = 8*h**2 - 2*h + 11. Let z(k) = -3*k**2 + k - 4. Let i(m) = 4*s(m) + 11*z(m). Let r be i(4). Give w(r).
-7
Let s(n) = n**3 - 7*n**2 - 10*n + 19. Let u be s(8). Let j(g) = g**3 - 5*g**2 - 2*g + 0*g - 2*g + 3*g - u. Calculate j(6).
27
Let q(x) = -x**3 + x + 1. Suppose 2*k = 3*g + 10, -2*g + 4*k + 2 = 14. Give q(g).
7
Let c(p) = -p - 11. Let b = 27 + -11. Suppose 72 = -b*f + 8*f. Determine c(f).
-2
Let v(l) = l**2 - 9*l + 6. Let s be -2*(-3)/12*0. Suppose s = -13*p + 7*p + 24. Calculate v(p).
-14
Let j(p) = p**2 - p + 10. Let l(h) = h**3 + h**2 - h + 1. Let x be l(1). Suppose 0 = -x*g + g + 9. Let c = g + -9. What is j(c)?
10
Let l(q) = q - 2. Let v(b) = -9*b - 15. Let t(n) = 6*l(n) - v(n). What is t(-2)?
-27
Let r = 2492 - 2488. Let q(h) = h**3 - 4*h**2 - h + 2. Calculate q(r).
-2
Let l(c) = 291*c - 2 + 287*c - 582*c. Calculate l(9).
-38
Let u(x) = 15*x**2 + 18*x - 1. Let n(l) = 15*l**2 + 22*l - 1. Let c(a) = 5*n(a) - 6*u(a). Calculate c(-1).
-16
Let i = -48 - -52. Let p(o) = o**2 - 3*o + 4. Determine p(i).
8
Suppose 0 = -21*f + 20*f + 2. Suppose c = 5*r + 4, -4*r - 5*c + 12 = -f*c. Let h(g) = -g - 1. Calculate h(r).
-1
Suppose 3*n + 0*n + 21 = 0. Let r(t) = -t**2 - 3*t - 33. Let k(p) = 2*p**2 + 4*p + 81. Let s(u) = -2*k(u) - 5*r(u). Give s(n).
3
Let x(f) = -f + 16. Let n(u) = 4*u - 76. Let v(o) = 3*n(o) + 14*x(o). What is v(3)?
-10
Let g = 28 + -24. Suppose 3*o + 5 = 4*a - 2, 2*a = 2*o + g. Suppose 0 = z - 2*l - a + 6, -2*l + 20 = 2*z. Let v(h) = -h**3 +